Let b be (-4)/(-34) - 1/(z/(-7287)). Let o = b + -72. Is o composite?
False
Is -2*(1394346/(-60) - 7/5) composite?
True
Let o = 365 - 360. Suppose -c + 1161 = o*z, c = 2*z - 147 + 1294. Is c a prime number?
True
Let q(u) = 55*u**2 + 16*u - 5. Let a be q(9). Let l = a + -3153. Is l prime?
False
Let h(g) be the third derivative of g**5/30 + 11*g**4/24 - 121*g**3/6 - 158*g**2. Is h(20) a composite number?
True
Let q(o) = -7*o - 56. Let y be q(-8). Suppose 5468 = 4*m + 2*x, y = m + m - 5*x - 2734. Is m a prime number?
True
Suppose 85*q - 86*q + 22 = 0. Let v(r) = 129*r + 5. Is v(q) a composite number?
False
Suppose 5*g + a = 1200, 4*a - a - 467 = -2*g. Let w be (2 - 0)/(6/24). Suppose 2*r - 3*r = 5*p - g, -4*p = w. Is r composite?
False
Suppose -2*m - 15465 = 5*d - 531446, 0 = -5*m + 10*d + 1289795. Is m a prime number?
False
Suppose 5*u - 12*d = -7*d + 24390, 3*u - 14618 = -5*d. Let w = 8921 - u. Is w prime?
False
Let t be ((-30)/(-4))/(-5)*565002/(-81). Let d = t - 7428. Is d prime?
False
Let l be -5556 - (7 - (-1 + 4)). Let t = -1531 - l. Suppose 7*q - t = 738. Is q a prime number?
False
Suppose 2*f - 4540 = -5*a, 7*f - 11*f = 2*a - 1816. Let h = 1353 - a. Is h a composite number?
True
Let d = 19 + 21. Suppose 24*z = 581197 - 219157. Is z/d - 2/16 a composite number?
True
Let k(v) = 1. Let y(f) = -154*f**2 - 41*f - 8. Let n(b) = -3*k(b) - y(b). Is n(4) a prime number?
True
Let y = -8825 + 21844. Is y a composite number?
True
Suppose 3*a - 3072 = 4*p + 11429, 0 = a + 2*p - 4827. Is a a composite number?
False
Let t be 2/(-2 + (6 - 6)). Is (1/(-2)*206)/(t/23) prime?
False
Let u(q) = 6*q**2 - 6*q - 4. Let a be u(2). Is (1762/a)/(13/(-221))*-4 a prime number?
False
Let k(v) = 6*v**2 - 125*v - 20. Let h be k(21). Is h*(-8)/(-6) + 290239/123 composite?
True
Suppose 4*m + 99172 = -5*q + 3*m, -4*m = 3*q + 59493. Is 2*(36/(-90))/(4/q) a prime number?
True
Suppose 5*f - 3*b = 4150, 822 = 5*f - 4*f + b. Suppose 3*i = -z - 2*i + 187, 0 = -5*z + 2*i + f. Let u = -100 + z. Is u a composite number?
False
Let o = -8101 + 14022. Is o a composite number?
True
Let j(a) = -10 - 1818*a + 3466*a + 3631*a. Is j(1) a prime number?
False
Let g(a) = -3*a + 2*a + 6418 + 3*a + 0*a. Is g(0) prime?
False
Suppose 0 = 3*f - 3*s + s - 18, s = -3. Suppose 357436 = 4*v + 4*t, 0 = -5*v + f*t + t + 446835. Is v a prime number?
True
Let y(r) = -34*r + 1. Let n be y(1). Let v be (-4)/22 + (-831)/n. Suppose 0 = -27*d + v*d + 1126. Is d composite?
False
Let t(r) = -152*r + 531. Is t(-20) a composite number?
False
Suppose -8 = -5*h - 28, 3*h + 11 = m. Let x(v) = -5841*v**3 - v**2 - v - 2. Is x(m) a prime number?
True
Let u(l) = 78*l + 7. Suppose 15 = 4*x + 5*g, 8*x - 4*g = 3*x + 29. Let t be 80/(-50)*x/(-2). Is u(t) composite?
True
Suppose 0 = -20*r + 13*r - 17738. Let z = 8613 + r. Is z a composite number?
False
Let k(r) = 83*r + 6. Suppose -3*b + a + 11 + 1 = 0, 31 = 5*b + 2*a. Suppose 5*h + 4*v + 0*v - 31 = 0, 0 = -b*h - 5*v + 30. Is k(h) composite?
False
Let y(p) = -21246*p - 751. Is y(-13) composite?
False
Is (-286)/(-13) + -5 - -70160 a composite number?
False
Let j = 69831 + -20400. Is j prime?
False
Is ((-534718)/(-10))/((-16 - (-567)/35) + 0) prime?
False
Let x = 67 + -70. Let w(k) = 3*k**3 - 29*k**2 + 18*k - 31. Let n(f) = -2*f**3 + 15*f**2 - 9*f + 16. Let y(l) = x*w(l) - 5*n(l). Is y(-11) composite?
False
Let j be ((-2)/3)/((-6)/1139580*4). Suppose -14773 - j = -12*l. Is l a prime number?
False
Let y be (6 + 1698)*1/2. Suppose -14416 - y = -4*r. Is r a composite number?
True
Let n = 80852 + -43021. Is n prime?
True
Let s = 40788 - 28662. Let f = -8145 + s. Is f a composite number?
True
Let k = 77500 + -33671. Is k a prime number?
False
Let i = 133 - 59. Let h = i - -191. Is h composite?
True
Let y(g) = -4*g - 12. Let n be y(-4). Suppose 5*d + 7015 = 5*f, d - 2*f + 1391 = -n*f. Let c = -150 - d. Is c a prime number?
True
Let q(p) = 13*p**2 - 36*p - 590. Is q(-27) prime?
True
Let p(b) = -20*b**3 + 15*b**2 + 8*b - 90. Is p(-17) composite?
True
Suppose 199 = -17*k - 2453. Is 2*(-1)/8 - 6205563/k prime?
True
Let g(k) be the second derivative of 479*k**3/6 - 95*k**2 + 56*k. Is g(25) a composite number?
True
Let s(f) = -f**3 + 22*f**2 + 51*f - 68. Let m be s(24). Let p(i) = 2079*i + 181. Is p(m) prime?
False
Suppose 2*n = -2*g + 29942, 5*g = 3*n + 32025 + 42814. Is g a prime number?
True
Let o be ((-10)/4 + 30/20)*-3. Suppose o*d + 5400 = 3*p, -4*p - 3*d = -6*p + 3599. Is p composite?
False
Let i(z) = 9998 - 22*z - 5025 - 5060. Is i(-8) a prime number?
True
Let x(q) = -q**3 + 85*q**2 - 62*q - 191. Is x(84) a composite number?
False
Is ((-34)/68)/(4/(-829448)) composite?
False
Let v(k) = -76568*k**3 + 87*k + 86. Is v(-1) a composite number?
True
Let h be 3/2 + (-99)/(-66). Suppose -h*t + 1815 + 2268 = 0. Is t a prime number?
True
Let j(v) = 12*v**3 + 43*v**2 - 53*v - 411. Is j(22) a composite number?
False
Is ((-2820)/12)/47 - (-140249 - -1) a composite number?
True
Suppose -17323 - 31677 = -4*o. Suppose -f + 2*k = -38497, f + o - 50752 = k. Is f prime?
False
Let n be 6/(-168)*-8*28. Suppose -4*s = -5*z + 35373, -3*z - 7*s + n*s + 21221 = 0. Is z a prime number?
False
Let m = -184 + 187. Suppose -2*f - 1045 = 2*t - m*t, 3*t + 2*f - 3175 = 0. Is t composite?
True
Let i = 361 - 47. Let r = 537 - i. Is r a composite number?
False
Suppose -3*h = -4 + 16, 12 = -3*m - 3*h. Suppose m = 3*d - 18*d + 60735. Is d a composite number?
False
Let p = 668176 + -292769. Is p composite?
False
Is (-15)/25*(-20263560)/72 prime?
True
Let a = -122741 + 224860. Is a composite?
True
Let h(v) = -13 - 19*v - 15*v**2 - 20 + 13 - 11 + 23*v**2. Is h(20) a prime number?
True
Let w = -76 - -79. Suppose -i + 5155 = -w*d, 3414 = -2*d - 8*i + 3*i. Let f = d + 2672. Is f a prime number?
False
Let r = 129 + -125. Suppose -13808 = -4*y - r*z, -11*y = -16*y + 2*z + 17239. Is y prime?
True
Let o be (-98)/(-5) - (-21)/(-35). Suppose -o*r - 46333 = -26*r. Is r a prime number?
True
Suppose 0 = 38*n - 18*n - 15200. Suppose -6*s = -3*s - 3*x - 768, -3*s - x = -n. Is s a composite number?
True
Is ((-57)/(-95))/(30/13519850) composite?
True
Suppose 2*m - 8*m = -2*m. Suppose -4*k + 3*k + 2*d + 28905 = m, 3*d = -4*k + 115675. Is k prime?
False
Let x = 124 - 116. Let q be 2*-3*1/(-3). Is (4 - -1170)/(-2 + x/q) a prime number?
True
Let h(r) be the second derivative of -25*r**4/6 + 13*r**3/6 + 15*r**2/2 + 18*r. Let s(n) be the first derivative of h(n). Is s(-6) prime?
True
Let q = 285797 - 105912. Is q a composite number?
True
Let v(h) = 50*h**2 - h + 5. Let x be ((-1)/(-6) + 4/(-6))*8. Is v(x) prime?
True
Let w be (-2)/(-4)*-10*4/(-10). Suppose -4*g = 2*x - 16694, x = w*x - 3. Let z = g + -2811. Is z composite?
False
Let y be 40/(-8) + -1 + -2. Is ((y/(-12))/2)/((-6)/(-4806)) prime?
False
Let v(b) = 15874*b**2 - 7*b - 80. Let d be v(-8). Suppose -d = -39*r + 49139. Is r a composite number?
True
Suppose -80 + 18 = -2*u. Let f = -29 + u. Suppose f*t - 1220 = -334. Is t a prime number?
True
Let v(a) = 2*a**2 - 3*a + 59. Let k(w) = 2*w**3 + 3*w**2 - 2*w + 1. Let c be k(-3). Is v(c) a prime number?
True
Suppose -3*b - 231699 = -1291578. Is b prime?
True
Let o = -74237 + 446334. Is o a composite number?
True
Is (-126)/(-105)*13804660/(-2)*6/(-24) a composite number?
True
Let t = -4 + 6. Let c be (8/t + -14)/(-2). Suppose -5*a - 2*b = -1465, -c*a + 2*b + 0*b + 1445 = 0. Is a prime?
False
Let l(t) = 4715*t - 1284. Is l(11) composite?
False
Let o be (-216)/126*14/(-4). Let d(b) = -10 - 5 - o + 4 + 186*b. Is d(8) a composite number?
False
Let u(k) be the first derivative of 10*k**3/3 + 18*k**2 - 23*k + 25. Is u(-13) a composite number?
True
Let z be -7 + 483 + (-12)/3. Suppose -244 = -3*q + 5*j + 457, z = 2*q - j. Is (5 - 9/1) + q prime?
True
Suppose 5*s - 3*n = -7, s - 5*n = -0*s - 19. Is 2906/(-5)*((-40)/10 - s) prime?
False
Suppose 5 = 11*a + 27. Is 2/a*(-5 + 10) + 8146 prime?
False
Let a(l) = 2*l**2 - 11*l - 5*l**3 + 0*l - 30*l - 5*l**2 + 13. Is a(-10) a prime number?
False
Suppose 0 = 8*d - 457 - 583. Let c = -125 + d. Suppose 0 = s + c*v + 74 - 525, -2*s + 2*v + 902 = 0. Is s prime?
False
Suppose 42280*r - 42282*r = -1808714. Is r a prime number?
True
Let r(k) = 4*k**2 - 9*k - 12. Suppose 2*j + 2*j = q - 28, 0 = -q + 2*j + 20. Le